{"id":138930,"date":"2025-01-21T15:16:05","date_gmt":"2025-01-21T14:16:05","guid":{"rendered":"https:\/\/www.destinosalnes.com\/?page_id=138930"},"modified":"2025-01-22T07:54:44","modified_gmt":"2025-01-22T06:54:44","slug":"menores","status":"publish","type":"page","link":"https:\/\/www.destinosalnes.com\/es\/menores\/","title":{"rendered":"Registro y confirmaci\u00f3n para menores"},"content":{"rendered":"\t\t<div data-elementor-type=\"wp-page\" data-elementor-id=\"138930\" class=\"elementor elementor-138930\" data-elementor-post-type=\"page\">\n\t\t\t\t\t\t<section class=\"elementor-section elementor-top-section elementor-element elementor-element-3240dd2 elementor-section-full_width elementor-section-height-default elementor-section-height-default\" data-id=\"3240dd2\" data-element_type=\"section\">\n\t\t\t\t\t\t<div class=\"elementor-container elementor-column-gap-default\">\n\t\t\t\t\t<div class=\"elementor-column elementor-col-100 elementor-top-column elementor-element elementor-element-f4f435b\" data-id=\"f4f435b\" data-element_type=\"column\">\n\t\t\t<div class=\"elementor-widget-wrap elementor-element-populated\">\n\t\t\t\t\t\t<div class=\"elementor-element elementor-element-a8a1b6d elementor-widget elementor-widget-heading\" data-id=\"a8a1b6d\" data-element_type=\"widget\" data-widget_type=\"heading.default\">\n\t\t\t\t<div class=\"elementor-widget-container\">\n\t\t\t<style>\/*! elementor - v3.20.0 - 11-03-2024 *\/\n.elementor-heading-title{padding:0;margin:0;line-height:1}.elementor-widget-heading .elementor-heading-title[class*=elementor-size-]>a{color:inherit;font-size:inherit;line-height:inherit}.elementor-widget-heading .elementor-heading-title.elementor-size-small{font-size:15px}.elementor-widget-heading .elementor-heading-title.elementor-size-medium{font-size:19px}.elementor-widget-heading .elementor-heading-title.elementor-size-large{font-size:29px}.elementor-widget-heading .elementor-heading-title.elementor-size-xl{font-size:39px}.elementor-widget-heading .elementor-heading-title.elementor-size-xxl{font-size:59px}<\/style><h1 class=\"elementor-heading-title elementor-size-default\">Registro y confirmaci\u00f3n para menores<\/h1>\t\t<\/div>\n\t\t\t\t<\/div>\n\t\t\t\t\t<\/div>\n\t\t<\/div>\n\t\t\t\t\t<\/div>\n\t\t<\/section>\n\t\t\t\t<section class=\"elementor-section elementor-top-section elementor-element elementor-element-7be1c4b elementor-section-full_width elementor-section-height-default elementor-section-height-default\" data-id=\"7be1c4b\" data-element_type=\"section\">\n\t\t\t\t\t\t<div class=\"elementor-container elementor-column-gap-default\">\n\t\t\t\t\t<div class=\"elementor-column elementor-col-100 elementor-top-column elementor-element elementor-element-5ef78b5\" data-id=\"5ef78b5\" data-element_type=\"column\">\n\t\t\t<div class=\"elementor-widget-wrap elementor-element-populated\">\n\t\t\t\t\t\t<div class=\"elementor-element elementor-element-25bee40 elementor-widget elementor-widget-text-editor\" data-id=\"25bee40\" data-element_type=\"widget\" data-widget_type=\"text-editor.default\">\n\t\t\t\t<div class=\"elementor-widget-container\">\n\t\t\t<style>\/*! elementor - v3.20.0 - 11-03-2024 *\/\n.elementor-widget-text-editor.elementor-drop-cap-view-stacked .elementor-drop-cap{background-color:#69727d;color:#fff}.elementor-widget-text-editor.elementor-drop-cap-view-framed .elementor-drop-cap{color:#69727d;border:3px solid;background-color:transparent}.elementor-widget-text-editor:not(.elementor-drop-cap-view-default) .elementor-drop-cap{margin-top:8px}.elementor-widget-text-editor:not(.elementor-drop-cap-view-default) .elementor-drop-cap-letter{width:1em;height:1em}.elementor-widget-text-editor .elementor-drop-cap{float:left;text-align:center;line-height:1;font-size:50px}.elementor-widget-text-editor .elementor-drop-cap-letter{display:inline-block}<\/style>\t\t\t\t<p><strong>Los mayores de 16 a\u00f1os pueden utilizar las bicicletas, pero se requiere un formulario de confirmaci\u00f3n de un representante legal o de uno de sus padres.<\/strong><\/p>\t\t\t\t\t\t<\/div>\n\t\t\t\t<\/div>\n\t\t\t\t\t<\/div>\n\t\t<\/div>\n\t\t\t\t\t<\/div>\n\t\t<\/section>\n\t\t\t\t<section class=\"elementor-section elementor-top-section elementor-element elementor-element-c198baa elementor-section-full_width elementor-section-height-default elementor-section-height-default\" data-id=\"c198baa\" data-element_type=\"section\">\n\t\t\t\t\t\t<div class=\"elementor-container elementor-column-gap-default\">\n\t\t\t\t\t<div class=\"elementor-column elementor-col-100 elementor-top-column elementor-element elementor-element-c319b85\" data-id=\"c319b85\" data-element_type=\"column\">\n\t\t\t<div class=\"elementor-widget-wrap elementor-element-populated\">\n\t\t\t\t\t\t<div class=\"elementor-element elementor-element-7ab80af elementor-widget elementor-widget-text-editor\" data-id=\"7ab80af\" data-element_type=\"widget\" data-widget_type=\"text-editor.default\">\n\t\t\t\t<div class=\"elementor-widget-container\">\n\t\t\t\t\t\t\t<p><\/p>\n<p><\/p><main class=\"main\"><\/main><p><\/p>\n<div class=\"container\">\n<div class=\"content\">\n<p><strong>As\u00ed es como funciona:<\/strong><\/p>\n<ol>\n<li>Descarga el <strong><a href=\"https:\/\/www.destinosalnes.com\/wp-content\/uploads\/2025\/01\/Formulario_menores.pdf\">formulario<\/a><\/strong>&nbsp;de confirmaci\u00f3n.<\/li>\n<li>Imprime el formulario y que uno de tus padres o representante legal lo firme. Esto confirmar\u00e1 los t\u00e9rminos y condiciones.<\/li>\n<li>Env\u00eda por correo electr\u00f3nico el formulario junto con una copia del documento de identificaci\u00f3n del representante legal o padre (por ejemplo, DNI).<\/li>\n<li>Un empleado crear\u00e1 tu cuenta y validar\u00e1 el formulario de autorizaci\u00f3n.<\/li>\n<li>Recibir\u00e1s por SMS en tu tel\u00e9fono m\u00f3vil el PIN de acceso de 6 d\u00edgitos para tu cuenta de cliente.<\/li>\n<li>Verifica tu cuenta con la ayuda de un representante legal antes de que se active. <br>Para ello, accede a tu cuenta de cliente a trav\u00e9s de la web&nbsp;o app y guarda una tarjeta de cr\u00e9dito de uno de tus padres o representante legal como medio de pago.<\/li>\n<li>Tras verificar tu cuenta, la activaremos y podr\u00e1s empezar a utilizar el servicio.<\/li>\n<\/ol>\n<\/div>\n<\/div>\t\t\t\t\t\t<\/div>\n\t\t\t\t<\/div>\n\t\t\t\t\t<\/div>\n\t\t<\/div>\n\t\t\t\t\t<\/div>\n\t\t<\/section>\n\t\t\t\t<section class=\"elementor-section elementor-top-section elementor-element elementor-element-3bc563d elementor-section-full_width elementor-section-height-default elementor-section-height-default\" data-id=\"3bc563d\" data-element_type=\"section\">\n\t\t\t\t\t\t<div class=\"elementor-container elementor-column-gap-default\">\n\t\t\t\t\t<div class=\"elementor-column elementor-col-100 elementor-top-column elementor-element elementor-element-4fb4a95\" data-id=\"4fb4a95\" data-element_type=\"column\">\n\t\t\t<div class=\"elementor-widget-wrap elementor-element-populated\">\n\t\t\t\t\t\t<div class=\"elementor-element elementor-element-021bf0a elementor-align-left elementor-widget elementor-widget-button\" data-id=\"021bf0a\" data-element_type=\"widget\" data-widget_type=\"button.default\">\n\t\t\t\t<div class=\"elementor-widget-container\">\n\t\t\t\t\t<div class=\"elementor-button-wrapper\">\n\t\t\t<a class=\"elementor-button elementor-button-link elementor-size-sm\" href=\"https:\/\/www.destinosalnes.com\/wp-content\/uploads\/2025\/01\/Formulario_menores.pdf\">\n\t\t\t\t\t\t<span class=\"elementor-button-content-wrapper\">\n\t\t\t\t\t\t<span class=\"elementor-button-icon elementor-align-icon-right\">\n\t\t\t\t<i aria-hidden=\"true\" class=\"fas fa-file-download\"><\/i>\t\t\t<\/span>\n\t\t\t\t\t\t<span class=\"elementor-button-text\">Descarga el formulario<\/span>\n\t\t<\/span>\n\t\t\t\t\t<\/a>\n\t\t<\/div>\n\t\t\t\t<\/div>\n\t\t\t\t<\/div>\n\t\t\t\t\t<\/div>\n\t\t<\/div>\n\t\t\t\t\t<\/div>\n\t\t<\/section>\n\t\t\t\t<\/div>\n\t\t","protected":false},"excerpt":{"rendered":"<p>Registro y confirmaci\u00f3n para menores Los mayores de 16 a\u00f1os pueden utilizar las bicicletas, pero se requiere un formulario de confirmaci\u00f3n de un representante legal o de uno de sus padres. As\u00ed es como funciona: Descarga el formulario&nbsp;de confirmaci\u00f3n. Imprime el formulario y que uno de tus padres o representante legal lo firme. Esto confirmar\u00e1 [&hellip;]<\/p>\n","protected":false},"author":42,"featured_media":0,"parent":0,"menu_order":0,"comment_status":"closed","ping_status":"closed","template":"","meta":{"_acf_changed":false,"footnotes":""},"categories":[],"tags":[],"class_list":["post-138930","page","type-page","status-publish","hentry"],"acf":[],"yoast_head":"<!-- This site is optimized with the Yoast SEO plugin v23.9 - https:\/\/yoast.com\/wordpress\/plugins\/seo\/ -->\n<title>Registro y confirmaci\u00f3n para menores - Saln\u00e9s<\/title>\n<meta name=\"robots\" content=\"index, follow, max-snippet:-1, max-image-preview:large, max-video-preview:-1\" \/>\n<link rel=\"canonical\" href=\"https:\/\/www.destinosalnes.com\/es\/menores\/\" \/>\n<script type=\"application\/ld+json\" class=\"yoast-schema-graph\">{\"@context\":\"https:\/\/schema.org\",\"@graph\":[{\"@type\":\"WebPage\",\"@id\":\"https:\/\/www.destinosalnes.com\/es\/menores\/\",\"url\":\"https:\/\/www.destinosalnes.com\/es\/menores\/\",\"name\":\"Registro y confirmaci\u00f3n para menores - Saln\u00e9s\",\"isPartOf\":{\"@id\":\"https:\/\/www.destinosalnes.com\/es\/#website\"},\"datePublished\":\"2025-01-21T14:16:05+00:00\",\"dateModified\":\"2025-01-22T06:54:44+00:00\",\"breadcrumb\":{\"@id\":\"https:\/\/www.destinosalnes.com\/es\/menores\/#breadcrumb\"},\"inLanguage\":\"es\",\"potentialAction\":[{\"@type\":\"ReadAction\",\"target\":[\"https:\/\/www.destinosalnes.com\/es\/menores\/\"]}]},{\"@type\":\"BreadcrumbList\",\"@id\":\"https:\/\/www.destinosalnes.com\/es\/menores\/#breadcrumb\",\"itemListElement\":[{\"@type\":\"ListItem\",\"position\":1,\"name\":\"Saln\u00e9s\",\"item\":\"https:\/\/www.destinosalnes.com\/es\/\"},{\"@type\":\"ListItem\",\"position\":2,\"name\":\"Registro y confirmaci\u00f3n para menores\"}]},{\"@type\":\"WebSite\",\"@id\":\"https:\/\/www.destinosalnes.com\/es\/#website\",\"url\":\"https:\/\/www.destinosalnes.com\/es\/\",\"name\":\"Saln\u00e9s\",\"description\":\"\",\"publisher\":{\"@id\":\"https:\/\/www.destinosalnes.com\/es\/#organization\"},\"potentialAction\":[{\"@type\":\"SearchAction\",\"target\":{\"@type\":\"EntryPoint\",\"urlTemplate\":\"https:\/\/www.destinosalnes.com\/es\/?s={search_term_string}\"},\"query-input\":{\"@type\":\"PropertyValueSpecification\",\"valueRequired\":true,\"valueName\":\"search_term_string\"}}],\"inLanguage\":\"es\"},{\"@type\":\"Organization\",\"@id\":\"https:\/\/www.destinosalnes.com\/es\/#organization\",\"name\":\"Saln\u00e9s\",\"url\":\"https:\/\/www.destinosalnes.com\/es\/\",\"logo\":{\"@type\":\"ImageObject\",\"inLanguage\":\"es\",\"@id\":\"https:\/\/www.destinosalnes.com\/es\/#\/schema\/logo\/image\/\",\"url\":\"\",\"contentUrl\":\"\",\"caption\":\"Saln\u00e9s\"},\"image\":{\"@id\":\"https:\/\/www.destinosalnes.com\/es\/#\/schema\/logo\/image\/\"},\"sameAs\":[\"https:\/\/es-es.facebook.com\/mancomunidade.salnes\",\"https:\/\/x.com\/infosalnes\"]}]}<\/script>\n<!-- \/ Yoast SEO plugin. -->","yoast_head_json":{"title":"Registro y confirmaci\u00f3n para menores - Saln\u00e9s","robots":{"index":"index","follow":"follow","max-snippet":"max-snippet:-1","max-image-preview":"max-image-preview:large","max-video-preview":"max-video-preview:-1"},"canonical":"https:\/\/www.destinosalnes.com\/es\/menores\/","schema":{"@context":"https:\/\/schema.org","@graph":[{"@type":"WebPage","@id":"https:\/\/www.destinosalnes.com\/es\/menores\/","url":"https:\/\/www.destinosalnes.com\/es\/menores\/","name":"Registro y confirmaci\u00f3n para menores - Saln\u00e9s","isPartOf":{"@id":"https:\/\/www.destinosalnes.com\/es\/#website"},"datePublished":"2025-01-21T14:16:05+00:00","dateModified":"2025-01-22T06:54:44+00:00","breadcrumb":{"@id":"https:\/\/www.destinosalnes.com\/es\/menores\/#breadcrumb"},"inLanguage":"es","potentialAction":[{"@type":"ReadAction","target":["https:\/\/www.destinosalnes.com\/es\/menores\/"]}]},{"@type":"BreadcrumbList","@id":"https:\/\/www.destinosalnes.com\/es\/menores\/#breadcrumb","itemListElement":[{"@type":"ListItem","position":1,"name":"Saln\u00e9s","item":"https:\/\/www.destinosalnes.com\/es\/"},{"@type":"ListItem","position":2,"name":"Registro y confirmaci\u00f3n para menores"}]},{"@type":"WebSite","@id":"https:\/\/www.destinosalnes.com\/es\/#website","url":"https:\/\/www.destinosalnes.com\/es\/","name":"Saln\u00e9s","description":"","publisher":{"@id":"https:\/\/www.destinosalnes.com\/es\/#organization"},"potentialAction":[{"@type":"SearchAction","target":{"@type":"EntryPoint","urlTemplate":"https:\/\/www.destinosalnes.com\/es\/?s={search_term_string}"},"query-input":{"@type":"PropertyValueSpecification","valueRequired":true,"valueName":"search_term_string"}}],"inLanguage":"es"},{"@type":"Organization","@id":"https:\/\/www.destinosalnes.com\/es\/#organization","name":"Saln\u00e9s","url":"https:\/\/www.destinosalnes.com\/es\/","logo":{"@type":"ImageObject","inLanguage":"es","@id":"https:\/\/www.destinosalnes.com\/es\/#\/schema\/logo\/image\/","url":"","contentUrl":"","caption":"Saln\u00e9s"},"image":{"@id":"https:\/\/www.destinosalnes.com\/es\/#\/schema\/logo\/image\/"},"sameAs":["https:\/\/es-es.facebook.com\/mancomunidade.salnes","https:\/\/x.com\/infosalnes"]}]}},"_links":{"self":[{"href":"https:\/\/www.destinosalnes.com\/es\/wp-json\/wp\/v2\/pages\/138930","targetHints":{"allow":["GET"]}}],"collection":[{"href":"https:\/\/www.destinosalnes.com\/es\/wp-json\/wp\/v2\/pages"}],"about":[{"href":"https:\/\/www.destinosalnes.com\/es\/wp-json\/wp\/v2\/types\/page"}],"author":[{"embeddable":true,"href":"https:\/\/www.destinosalnes.com\/es\/wp-json\/wp\/v2\/users\/42"}],"replies":[{"embeddable":true,"href":"https:\/\/www.destinosalnes.com\/es\/wp-json\/wp\/v2\/comments?post=138930"}],"version-history":[{"count":34,"href":"https:\/\/www.destinosalnes.com\/es\/wp-json\/wp\/v2\/pages\/138930\/revisions"}],"predecessor-version":[{"id":138996,"href":"https:\/\/www.destinosalnes.com\/es\/wp-json\/wp\/v2\/pages\/138930\/revisions\/138996"}],"wp:attachment":[{"href":"https:\/\/www.destinosalnes.com\/es\/wp-json\/wp\/v2\/media?parent=138930"}],"wp:term":[{"taxonomy":"category","embeddable":true,"href":"https:\/\/www.destinosalnes.com\/es\/wp-json\/wp\/v2\/categories?post=138930"},{"taxonomy":"post_tag","embeddable":true,"href":"https:\/\/www.destinosalnes.com\/es\/wp-json\/wp\/v2\/tags?post=138930"}],"curies":[{"name":"wp","href":"https:\/\/api.w.org\/{rel}","templated":true}]}}

Registro y confirmación para menores

<div data-elementor-type="wp-page" data-elementor-id="138930" class="elementor elementor-138930" data-elementor-post-type="page">
						<section class="elementor-section elementor-top-section elementor-element elementor-element-3240dd2 elementor-section-full_width elementor-section-height-default elementor-section-height-default" data-id="3240dd2" data-element_type="section">
						<div class="elementor-container elementor-column-gap-default">
					<div class="elementor-column elementor-col-100 elementor-top-column elementor-element elementor-element-f4f435b" data-id="f4f435b" data-element_type="column">
			<div class="elementor-widget-wrap elementor-element-populated">
						<div class="elementor-element elementor-element-a8a1b6d elementor-widget elementor-widget-heading" data-id="a8a1b6d" data-element_type="widget" data-widget_type="heading.default">
				<div class="elementor-widget-container">
			<style>/*! elementor - v3.20.0 - 11-03-2024 */
.elementor-heading-title{padding:0;margin:0;line-height:1}.elementor-widget-heading .elementor-heading-title[class*=elementor-size-]>a{color:inherit;font-size:inherit;line-height:inherit}.elementor-widget-heading .elementor-heading-title.elementor-size-small{font-size:15px}.elementor-widget-heading .elementor-heading-title.elementor-size-medium{font-size:19px}.elementor-widget-heading .elementor-heading-title.elementor-size-large{font-size:29px}.elementor-widget-heading .elementor-heading-title.elementor-size-xl{font-size:39px}.elementor-widget-heading .elementor-heading-title.elementor-size-xxl{font-size:59px}</style><h1 class="elementor-heading-title elementor-size-default">Registro y confirmación para menores</h1>		</div>
				</div>
					</div>
		</div>
					</div>
		</section>
				<section class="elementor-section elementor-top-section elementor-element elementor-element-7be1c4b elementor-section-full_width elementor-section-height-default elementor-section-height-default" data-id="7be1c4b" data-element_type="section">
						<div class="elementor-container elementor-column-gap-default">
					<div class="elementor-column elementor-col-100 elementor-top-column elementor-element elementor-element-5ef78b5" data-id="5ef78b5" data-element_type="column">
			<div class="elementor-widget-wrap elementor-element-populated">
						<div class="elementor-element elementor-element-25bee40 elementor-widget elementor-widget-text-editor" data-id="25bee40" data-element_type="widget" data-widget_type="text-editor.default">
				<div class="elementor-widget-container">
			<style>/*! elementor - v3.20.0 - 11-03-2024 */
.elementor-widget-text-editor.elementor-drop-cap-view-stacked .elementor-drop-cap{background-color:#69727d;color:#fff}.elementor-widget-text-editor.elementor-drop-cap-view-framed .elementor-drop-cap{color:#69727d;border:3px solid;background-color:transparent}.elementor-widget-text-editor:not(.elementor-drop-cap-view-default) .elementor-drop-cap{margin-top:8px}.elementor-widget-text-editor:not(.elementor-drop-cap-view-default) .elementor-drop-cap-letter{width:1em;height:1em}.elementor-widget-text-editor .elementor-drop-cap{float:left;text-align:center;line-height:1;font-size:50px}.elementor-widget-text-editor .elementor-drop-cap-letter{display:inline-block}</style>				<p><strong>Los mayores de 16 años pueden utilizar las bicicletas, pero se requiere un formulario de confirmación de un representante legal o de uno de sus padres.</strong></p>						</div>
				</div>
					</div>
		</div>
					</div>
		</section>
				<section class="elementor-section elementor-top-section elementor-element elementor-element-c198baa elementor-section-full_width elementor-section-height-default elementor-section-height-default" data-id="c198baa" data-element_type="section">
						<div class="elementor-container elementor-column-gap-default">
					<div class="elementor-column elementor-col-100 elementor-top-column elementor-element elementor-element-c319b85" data-id="c319b85" data-element_type="column">
			<div class="elementor-widget-wrap elementor-element-populated">
						<div class="elementor-element elementor-element-7ab80af elementor-widget elementor-widget-text-editor" data-id="7ab80af" data-element_type="widget" data-widget_type="text-editor.default">
				<div class="elementor-widget-container">
							<p></p>
<p></p><main class="main"></main><p></p>
<div class="container">
<div class="content">
<p><strong>Así es como funciona:</strong></p>
<ol>
<li>Descarga el <strong><a href="https://www.destinosalnes.com/wp-content/uploads/2025/01/Formulario_menores.pdf">formulario</a></strong>&nbsp;de confirmación.</li>
<li>Imprime el formulario y que uno de tus padres o representante legal lo firme. Esto confirmará los términos y condiciones.</li>
<li>Envía por correo electrónico el formulario junto con una copia del documento de identificación del representante legal o padre (por ejemplo, DNI).</li>
<li>Un empleado creará tu cuenta y validará el formulario de autorización.</li>
<li>Recibirás por SMS en tu teléfono móvil el PIN de acceso de 6 dígitos para tu cuenta de cliente.</li>
<li>Verifica tu cuenta con la ayuda de un representante legal antes de que se active. <br>Para ello, accede a tu cuenta de cliente a través de la web&nbsp;o app y guarda una tarjeta de crédito de uno de tus padres o representante legal como medio de pago.</li>
<li>Tras verificar tu cuenta, la activaremos y podrás empezar a utilizar el servicio.</li>
</ol>
</div>
</div>						</div>
				</div>
					</div>
		</div>
					</div>
		</section>
				<section class="elementor-section elementor-top-section elementor-element elementor-element-3bc563d elementor-section-full_width elementor-section-height-default elementor-section-height-default" data-id="3bc563d" data-element_type="section">
						<div class="elementor-container elementor-column-gap-default">
					<div class="elementor-column elementor-col-100 elementor-top-column elementor-element elementor-element-4fb4a95" data-id="4fb4a95" data-element_type="column">
			<div class="elementor-widget-wrap elementor-element-populated">
						<div class="elementor-element elementor-element-021bf0a elementor-align-left elementor-widget elementor-widget-button" data-id="021bf0a" data-element_type="widget" data-widget_type="button.default">
				<div class="elementor-widget-container">
					<div class="elementor-button-wrapper">
			<a class="elementor-button elementor-button-link elementor-size-sm" href="https://www.destinosalnes.com/wp-content/uploads/2025/01/Formulario_menores.pdf">
						<span class="elementor-button-content-wrapper">
						<span class="elementor-button-icon elementor-align-icon-right">
				<i aria-hidden="true" class="fas fa-file-download"></i>			</span>
						<span class="elementor-button-text">Descarga el formulario</span>
		</span>
					</a>
		</div>
				</div>
				</div>
					</div>
		</div>
					</div>
		</section>
				</div>

<p>Registro y confirmación para menores Los mayores de 16 años pueden utilizar las bicicletas, pero se requiere un formulario de confirmación de un representante legal o de uno de sus padres. Así es como funciona: Descarga el formulario&nbsp;de confirmación. Imprime el formulario y que uno de tus padres o representante legal lo firme. Esto confirmará [&hellip;]</p>

<!-- This site is optimized with the Yoast SEO plugin v23.9 - https://yoast.com/wordpress/plugins/seo/ -->
<title>Registro y confirmación para menores - Salnés</title>
<meta name="robots" content="index, follow, max-snippet:-1, max-image-preview:large, max-video-preview:-1" />
<link rel="canonical" href="https://www.destinosalnes.com/es/menores/" />
<script type="application/ld+json" class="yoast-schema-graph">{"@context":"https://schema.org","@graph":[{"@type":"WebPage","@id":"https://www.destinosalnes.com/es/menores/","url":"https://www.destinosalnes.com/es/menores/","name":"Registro y confirmación para menores - Salnés","isPartOf":{"@id":"https://www.destinosalnes.com/es/#website"},"datePublished":"2025-01-21T14:16:05+00:00","dateModified":"2025-01-22T06:54:44+00:00","breadcrumb":{"@id":"https://www.destinosalnes.com/es/menores/#breadcrumb"},"inLanguage":"es","potentialAction":[{"@type":"ReadAction","target":["https://www.destinosalnes.com/es/menores/"]}]},{"@type":"BreadcrumbList","@id":"https://www.destinosalnes.com/es/menores/#breadcrumb","itemListElement":[{"@type":"ListItem","position":1,"name":"Salnés","item":"https://www.destinosalnes.com/es/"},{"@type":"ListItem","position":2,"name":"Registro y confirmación para menores"}]},{"@type":"WebSite","@id":"https://www.destinosalnes.com/es/#website","url":"https://www.destinosalnes.com/es/","name":"Salnés","description":"","publisher":{"@id":"https://www.destinosalnes.com/es/#organization"},"potentialAction":[{"@type":"SearchAction","target":{"@type":"EntryPoint","urlTemplate":"https://www.destinosalnes.com/es/?s={search_term_string}"},"query-input":{"@type":"PropertyValueSpecification","valueRequired":true,"valueName":"search_term_string"}}],"inLanguage":"es"},{"@type":"Organization","@id":"https://www.destinosalnes.com/es/#organization","name":"Salnés","url":"https://www.destinosalnes.com/es/","logo":{"@type":"ImageObject","inLanguage":"es","@id":"https://www.destinosalnes.com/es/#/schema/logo/image/","url":"","contentUrl":"","caption":"Salnés"},"image":{"@id":"https://www.destinosalnes.com/es/#/schema/logo/image/"},"sameAs":["https://es-es.facebook.com/mancomunidade.salnes","https://x.com/infosalnes"]}]}</script>
<!-- / Yoast SEO plugin. -->

Registro y confirmación para menores - Salnés

Salnés
